mon factor of i and 80?
16
Suppose 4*p + 0*p = 12. Let w(i) = -i**3 + 5*i**2 + 2. Let m be w(p). Let r(j) = 144*j - 644. Let y be r(6). What is the greatest common divisor of y and m?
20
Let b be -1 + 0 + 30/6. Suppose 26 = 3*c - c - 4*s, -4*s = b*c - 76. Calculate the greatest common factor of 272 and c.
17
Let i be 1063/4 + 84/16 + -6. Calculate the greatest common factor of i and 106.
53
Suppose -30*l - 768 = -34*l. What is the greatest common factor of 60 and l?
12
Suppose -59*y = 30701 - 155132. Calculate the highest common factor of 57 and y.
57
Let n(d) = -10*d + 4 - d**3 + 6*d**2 - 2 + 4*d. Let u be n(4). Calculate the greatest common divisor of 10 and u.
10
Let i be -1*(-3 + 2)*-2. Let d be (-5)/((i - 1)/6). Calculate the highest common divisor of d and 15.
5
Let w be 0/(-1 - 0/(-2)). Suppose -2*u + 3*u - 27 = w. What is the highest common divisor of u and 297?
27
Let q be (-1*1)/1 - (-15 + 13). Suppose -q - 4 = -i. Let w = 66 + -26. Calculate the highest common divisor of i and w.
5
Let z(p) = p + 44. Let n be z(-17). Let o be (-4)/6*4*n/(-4). Calculate the greatest common factor of o and 2.
2
Let p(r) = -5*r**2 + 334*r + 162. Let u be p(67). Calculate the highest common divisor of u and 513.
19
Let t be 5*3 - (-24)/12. Suppose -15*u - 2256 = -t*u. Let z be (-3)/(-3 + u/380). Calculate the greatest common factor of z and 38.
19
Suppose 0 = -5*n + 3*j + 12, 5*n + 5*j - 2 = -22. Suppose o - 5*o + 32 = n. Let h = 52 - 28. Calculate the highest common divisor of o and h.
8
Suppose 57*j + 15 = 60*j. Suppose 2*n - 16 = j*a - 3*a, 0 = a - 2. Calculate the highest common divisor of n and 160.
10
Suppose 3*v - 6*c = -2*c + 8, 0 = -2*v + 3*c + 5. Suppose v*x - 19 - 141 = 0. Suppose -p + 3*p = x. What is the greatest common factor of 5 and p?
5
Let s = 237 + 177. What is the highest common factor of 18 and s?
18
Suppose 14 = 4*g + 4*i + 2, 4*i = g + 12. Suppose g = f - 52 - 102. Calculate the greatest common factor of 22 and f.
22
Let s(r) = r**3 + 3*r**2 + r + 2. Let t be s(-3). Let j(m) = -108*m. Let a be j(t). Suppose -5*d + a = -d. What is the greatest common divisor of 9 and d?
9
Let x(n) = -2*n + 88. Let b be x(42). Let z be (20 - (4 - 3))*4. Calculate the greatest common factor of b and z.
4
Let o = 50 - 62. Let w = -4 - o. What is the greatest common factor of w and 32?
8
Let z = 103 - 76. Calculate the greatest common divisor of 63 and z.
9
Let v(b) = 6 - 15*b**3 + 8*b**2 + 4*b + 5*b + 14*b**3. Let s be v(9). Let y be 18 - s*4/12. What is the greatest common divisor of 24 and y?
8
Suppose -78 = -5*a + 2. Suppose 0 = 4*y + a, -w + 16 = -3*w - 5*y. Calculate the greatest common divisor of 16 and w.
2
Let p = 20 - 11. Let f = -20 - -9. Let q(d) = 2*d + 23. Let r be q(f). Calculate the highest common divisor of p and r.
1
Let g(m) = 7*m**2 - 168*m + 48. Let k be g(28). Calculate the highest common factor of k and 156.
52
Let z(f) = f - 11. Let v be z(-7). Let t be (v + 9)*200/(-6). Suppose 0 = 7*j - 10*j + t. What is the greatest common divisor of 20 and j?
20
Suppose 11*m = 6*m + 20. Calculate the highest common divisor of m and 44.
4
Suppose -25 + 2 = -3*g + 4*b, -5*g = -b - 27. Suppose t - g*t = 0. Suppose 447 = -y + 5*y + 5*f, -5*f + 15 = t. What is the greatest common factor of 12 and y?
12
Let y be 4 + -1*(-2 + 3). Suppose 5*s - y = 7. Suppose s*n - 40 = -2*n. What is the greatest common factor of 4 and n?
2
Let o(h) = h**2 - 2*h - 12. Let y be 6/(-10) - 66/(-10). Let l be o(y). What is the highest common factor of l and 3?
3
Suppose k - 4*y - 49 = 0, 0*k = 4*k - y - 181. Let x(h) = -h**2 + 2*h + 10. Let m be x(7). Let t = m + k. What is the highest common divisor of 30 and t?
10
Suppose -4*l + 5 = -11. Suppose -g + l*v = g - 62, -5*g - v + 155 = 0. What is the highest common factor of g and 155?
31
Let a = -2557 + 2566. Let k(m) = -m**3 + 10*m**2 - 7*m + 1. Let l be k(7). What is the highest common divisor of l and a?
9
Let i = -5 + 11. Let w be (-201)/(-9) - 2/i. What is the highest common factor of w and 11?
11
Suppose 0 = 10*o - 6*o + 3*r - 3030, -2270 = -3*o - r. What is the greatest common factor of o and 36?
36
Suppose -4*i + 8 = g + 1, 0 = -3*g - 5*i + 35. Calculate the greatest common divisor of g and 1515.
15
Suppose 1606 + 1202 = 8*t. What is the highest common divisor of 27 and t?
27
Suppose -2*w + 4 = 2*w + 4*r, 0 = 3*w + 2*r - 2. Suppose w = 4*c + 19 - 23. What is the greatest common divisor of 11 and c?
1
Let c be (1 - 2)*(-9)/3. Let v(j) = j**2 + 4*j - 33. Suppose 57*z - 58*z - 10 = 0. Let g be v(z). Calculate the greatest common divisor of g and c.
3
Let c be 5 + 1 + -14 + 11. Let a = c - 10. Let s be 3*(3 + -5 - a). What is the greatest common divisor of 60 and s?
15
Suppose -3*i + 2*i + o + 6 = 0, 0 = -i + 4*o. Suppose 0 = 2*k - b - 74, i*b - 4*b - 100 = -3*k. Calculate the greatest common divisor of 12 and k.
12
Let d(b) = 4*b**2 + 28*b + 28. Let c be d(-7). Let w(s) = 3*s - 2. Let f be w(10). What is the highest common factor of f and c?
28
Let x be (-68)/(-11) + (-10 - 1836/(-187)). Calculate the highest common divisor of x and 7.
1
Let q be 3091/44 + 3/4. Suppose -3*p = -2*u - 67, -q = -2*p - p + 4*u. Calculate the highest common divisor of p and 49.
7
Let x(q) = 14*q**2 - 4*q + 5. Let t be x(2). What is the greatest common divisor of 371 and t?
53
Let d = 29 + -16. Let s be ((-3)/2)/((-4)/16). Let i be 4/s + (-152)/(-6). What is the greatest common factor of i and d?
13
Suppose 25 = 3*f - 11. Let o be 1*(-9)/(-3) + 14. Suppose 13 = d - o. Calculate the highest common factor of d and f.
6
Let g = 23 + 12. What is the highest common factor of 56 and g?
7
Suppose 5*r + z + 6 = 21, -3 = -r - 2*z. Calculate the greatest common factor of r and 57.
3
Let n be 2 - (-10 + 1/1). Let o(l) = 78*l**2 - 1. Suppose -3*c - 3 + 6 = 0. Let k be o(c). Calculate the greatest common divisor of k and n.
11
Let i(s) = 5*s**2 - 3*s + 1. Let d be i(2). Suppose -11*k - 122 = -9*k. Let t = k + 91. Calculate the highest common divisor of t and d.
15
Suppose 12*k - 3*k - 486 = 0. Calculate the highest common divisor of 126 and k.
18
Let n(h) = -213*h**3 + 2*h**2 + 21*h + 20. Let z be n(-1). Calculate the highest common factor of 4 and z.
2
Let z = 80 + -69. What is the greatest common factor of 253 and z?
11
Suppose -3*o + 15*o = 3852. What is the highest common divisor of o and 6?
3
Suppose -s = 3*f - 541, 0 = 5*s - 8*s - f + 1607. Calculate the greatest common divisor of 5 and s.
5
Let d be ((-89)/(-2))/((-1)/(-2)). Let x = d - -131. Let p = 1959 + -1939. What is the highest common divisor of p and x?
20
Suppose 39*k - 700 = 19*k. Calculate the greatest common factor of k and 15.
5
Let a be 66/(-99) - 490/(-6). Let p = -12 + 21. Calculate the greatest common factor of p and a.
9
Let o = -9810 + 9819. Let j(a) = a**2 - a - 2. Let f be j(-4). What is the greatest common factor of f and o?
9
Suppose 0 = 3*t + 1 + 5. Let n(o) = 5*o + 96. Let z be n(-17). Let h = z + t. What is the greatest common divisor of 1 and h?
1
Suppose -8*s = -13*s + 120. Calculate the highest common factor of 126 and s.
6
Let t = 3 + 2. Let d be 33/11 + -1*6. Let u be -3 - -6 - (-3)/d. Calculate the greatest common factor of t and u.
1
Let a be ((-72)/(-3))/(9 + 1593/(-180)). Calculate the greatest common factor of 40 and a.
40
Suppose 0 = 2*p - p + 2*k - 68, 353 = 5*p - 3*k. Calculate the greatest common divisor of 42 and p.
14
Let p(u) = 6 - 15*u**2 - 4 - 11*u + 12*u**2 + 8 + u**3. Let k be p(5). Calculate the highest common factor of 55 and k.
5
Let z(m) = 40*m - 120. Let l be z(9). What is the highest common divisor of 70 and l?
10
Suppose 134*n = 143*n - 459. Calculate the highest common divisor of 85 and n.
17
Let r be 6*(-14)/(-12)*7. Calculate the greatest common factor of 63 and r.
7
Suppose -27*i + 23*i + 760 = 0. Calculate the highest common factor of 38 and i.
38
Let o(d) = -17*d**3 + 2*d + 1. Let j be o(-1). Suppose p - 12 = 4*s, p + 5*s - 4*s - 22 = 0. Let y = p + -18. Calculate the greatest common divisor of j and y.
2
Suppose -3*x = -6*x. Suppose x = 3*q + 12, 0 = -2*l - l - 5*q + 205. Calculate the greatest common factor of l and 25.
25
Suppose 294 = 5*q - 3*v + 45, 0 = q + 2*v - 42. What is the greatest common factor of 42 and q?
6
Let f = 5 +